5
Let m(l) = 3*l + 6. Let i be m(6). Let p be 2 - (5/30 - 3076/i). What is the highest common factor of 26 and p?
26
Let v = 48 + -24. Let d = 212 - 186. Let q be (-333)/(-117) - (-4)/d. Calculate the greatest common divisor of v and q.
3
Let y(s) = 11*s**2 - 8*s + 2993. Let t be y(0). What is the highest common factor of t and 164?
41
Suppose -5*u + 4*u - 2*u = 0. Suppose u + 18 = w. What is the highest common divisor of w and 45?
9
Suppose 16*f - 23*f = -1456. Suppose 5*w - f = 2. Calculate the greatest common divisor of w and 7.
7
Suppose 5*n - 5*r - 35 = 0, -3*r - 29 = -2*n + 2*r. Suppose n*v - 2 - 4 = -f, -5 = -5*v. Suppose -f*a + 7 = -5. What is the highest common factor of 6 and a?
3
Let j be ((-95)/((-4085)/(-86)))/(0 + (-4)/366). What is the greatest common factor of 732 and j?
183
Let u(r) = 5 + 2*r**2 - r + 2 - 23*r + 5*r. Let j be u(10). Suppose -j = -3*f - 5, -f - 28 = -4*o. What is the highest common factor of 88 and o?
8
Let y be (-26)/(-13) + (-2)/(-2) + -36. Suppose 13*h = 6*h - 203. Let n = h - y. What is the greatest common factor of 1 and n?
1
Let o = 575 + -572. Suppose 1183 = 4*j - t, 5*j - 1476 = o*t + t. What is the greatest common factor of 111 and j?
37
Suppose -k = -398 - 174. Calculate the greatest common factor of 104 and k.
52
Suppose -4*n + 3*m - 4*m + 1001 = 0, 0 = 3*m + 9. What is the greatest common factor of 31877 and n?
251
Suppose 0 = 4*y + 5*h - 9880, -557*y + 4*h = -561*y + 9884. What is the greatest common divisor of y and 36?
9
Suppose -3*x = 2*x - 450. Suppose 35 = 4*f - 5*g, f - 406*g = -409*g + 13. What is the greatest common factor of f and x?
10
Let x = -414 - -439. Calculate the highest common divisor of x and 680.
5
Suppose 0 = 80*u - 77*u + 273. Let k = -87 - u. Suppose 71 = k*n - 3*y - 0*y, 2*y + 94 = 5*n. Calculate the highest common factor of n and 25.
5
Let v(k) = -262*k**2 + 2097*k + 20. Let r be v(8). What is the highest common factor of 27300 and r?
28
Suppose -3*n + 7*n = 136. Let m(y) be the second derivative of 5*y**3 - y**2 - 5*y. Let p be m(8). What is the greatest common divisor of n and p?
34
Suppose 2*j = -3 - 3, -5*o - 235 = -5*j. Let h be (-2)/(-10) + 110/o. Let r be h/(-5) - (-1434)/15. Calculate the greatest common factor of r and 12.
12
Let w = 3 + 0. Suppose -12*k = -4*p - 11*k + 182, p + 5*k = 98. Calculate the greatest common factor of w and p.
3
Suppose 0 = -36*u + 9*u + 132*u - 6930. What is the highest common divisor of u and 3960?
66
Let g be -18*((-3)/(-15))/(2/(-10)). Suppose -3*h + 36 = 2*f, 5*h + f - 4*f = 79. Let l = h + -5. Calculate the highest common factor of l and g.
9
Suppose 12 = 4*y, 0 = -10*j + 6*j + y + 9. Let q(t) = t**2 + t - 2. Let h be q(-3). Suppose -h*c + 163 = 31. Calculate the greatest common factor of c and j.
3
Suppose 600 = 43*v - 1292. Let m(d) = -4*d**3 - 3*d**2 - 8*d - 25. Let t be m(-5). What is the highest common divisor of v and t?
44
Let k(r) be the third derivative of r**5/60 - 5*r**4/24 - 20*r**3/3 + 4*r**2 + 4. Let l be k(-5). Calculate the greatest common divisor of l and 370.
10
Suppose 52 = 20*j - 2548. Let a = 140 - j. Let w be ((-5)/4)/((-2)/16). Calculate the greatest common factor of a and w.
10
Suppose -4443 - 317 = -140*o. Calculate the greatest common divisor of o and 11084.
34
Let u = 41 + -32. Let a be 192/u - 2/6. Let g(z) = 21*z**2 + z - 1. Let h be g(1). What is the greatest common divisor of a and h?
21
Let z(q) = -q**3 - q**2 - q + 304. Let y be z(0). Let k(c) = 361*c + 48051. Let r be k(-133). Calculate the greatest common divisor of r and y.
38
Let p(o) = -8*o + 197. Let k be p(24). Calculate the greatest common factor of k and 10.
5
Let z(q) be the third derivative of 3*q**4/8 + 27*q**3/2 - 30*q**2. Let b be z(14). What is the greatest common factor of 23 and b?
23
Let w(f) = 7344*f**3 - 15*f**2 + 5. Let i be w(1). What is the greatest common factor of 38 and i?
38
Suppose 4*a + 8 = -2*h, 2*a = -3*a - 5*h - 20. Suppose 0 = 4*b - 4*s - 76, a = -5*b + 3*b + s + 34. Calculate the highest common factor of 3 and b.
3
Let l = -468 + 577. Suppose 110*v - 141 = l*v. Suppose -r - 4*t = -0*t - 51, 0 = 4*r - 3*t - 185. What is the greatest common divisor of r and v?
47
Let i(l) = 4*l**2 + 4*l - 159. Let h be i(-7). Suppose -2*x = -2*d + d + 89, x = -d + 77. Calculate the highest common factor of d and h.
9
Let d be (-293 - 0)/(1024/(-60) + 17). What is the highest common divisor of d and 15?
15
Suppose 0 = -63*h + 294*h - 322938. Calculate the greatest common divisor of 6 and h.
6
Suppose -154*s + 171*s = 11407. Calculate the highest common divisor of 366 and s.
61
Let w(f) = f**2 + 9*f - 1200. Let j be w(32). Calculate the greatest common divisor of j and 952.
56
Suppose 38 = 4*s - 0*s - 2*g, 25 = -5*g. Suppose 508*b + 1029 = 529*b. Calculate the greatest common divisor of s and b.
7
Let c be (-14080)/(-44) + (-4)/2*1. Let i = -26 + 38. Calculate the greatest common factor of i and c.
6
Suppose -2*x = k - 2676, -30*k = -5*x - 26*k + 6664. Calculate the greatest common factor of 24 and x.
8
Suppose -169 = -19*n + 21. Suppose 7*u - 2*u = 15. Suppose 0 = u*s - 2*s - 10. Calculate the highest common factor of n and s.
10
Suppose 0 = -4*y + 3*y + 189. Let l = 17222 + -17195. Calculate the highest common factor of l and y.
27
Suppose 6*j - 7*j + 180 = 29*j. Calculate the greatest common divisor of 226 and j.
2
Let j = 500 - 236. Suppose -4*n - a + 71 = 4*a, 0 = -n - 5*a - 1. Calculate the highest common factor of n and j.
24
Suppose 11*m - 24*m + 1157 = 0. Let v = -872 - -2029. Calculate the highest common factor of m and v.
89
Suppose -12*r + 405 = 42*r - 405. Calculate the greatest common factor of r and 1770.
15
Let g = -5176 - -5266. Calculate the greatest common divisor of g and 30.
30
Let z = -49 + 51. Suppose p - 210 = -z*p. Let b = p - 51. Calculate the highest common divisor of 38 and b.
19
Let s be (-3*(-1)/5)/((-39)/(-390)). Let w(t) = -t**2 - 13*t - 8. Let u be w(-10). What is the greatest common factor of s and u?
2
Let a(c) = -150*c - 734. Let u be a(-6). Calculate the greatest common factor of u and 1162.
166
Suppose -4*j - 6 = -7*j. Suppose -12 = -r - j*r. Suppose -r*w + 37 = 5. What is the greatest common divisor of w and 64?
8
Suppose -18*w - 44 = -80. Suppose 3*y - 8 = -w*p, 2*p = -5*y + 5*p + 7. Suppose -4*u + 12 = -2*u. Calculate the highest common divisor of y and u.
2
Let l(c) = -c**3 + 21*c**2 - 11*c + 48. Let f be l(6). What is the highest common factor of 36 and f?
18
Suppose 4*l = 2*k - 10102, -2*k + 5*l + 5997 = -4112. What is the greatest common factor of 276 and k?
69
Let n be (436*29)/((-363)/11 - -35). Calculate the greatest common factor of 116 and n.
58
Let r(f) = -f**3 - 18*f**2 - 45*f + 19. Let c be r(-15). Let x(g) = -g**3 + 17*g**2 + 56*g - 55. Let l be x(c). What is the greatest common factor of 14 and l?
7
Let a(f) = -f**3 + 9*f**2 + 8*f + 32. Let g be a(10). Suppose 124*w = 127*w - 288. What is the greatest common factor of w and g?
12
Let d = -5418 + 6659. Calculate the highest common divisor of 146 and d.
73
Let z = -8 + 1. Let b be (-3)/(((-63)/(-6))/z) + -3. Let i be 4 + b + -6 + 4. What is the greatest common factor of 8 and i?
1
Suppose -61*q + 59*q = i - 56, -5*q - 5*i + 150 = 0. Let r = 12 + -6. Calculate the highest common factor of r and q.
2
Suppose 6*q + 428 - 1100 = 0. Let h = -86 + q. Calculate the greatest common factor of h and 182.
26
Let n(k) = -k**2 + 31*k - 52. Let r(f) = 4*f**2 - 126*f + 209. Let v(g) = 9*n(g) + 2*r(g). Let i be v(24). What is the greatest common factor of i and 22?
22
Let g be ((-27)/5)/(99/(-330)). Let d be -26*(-10)/15 - 2/(-3). What is the highest common divisor of d and g?
18
Let m(t) = 101*t + 11. Let b(h) = -h**2 + 3*h - 1. Let i be b(1). Let y be m(i). Suppose 9*x = 10*x - y. Calculate the highest common divisor of 28 and x.
28
Let y(x) be the first derivative of -3*x**2 + 203*x + 70. Let i be y(29). Suppose -q = 3*q - 116. What is the greatest common factor of i and q?
29
Let w be (-88)/(-6) - 6/9. Let d = 246 - 244. Calculate the greatest common factor of w and d.
2
Let d(w) = -w**2 - 30*w - 8. Let j be d(-5). Calculate the highest common divisor of 486 and j.
9
Let h = -6572 - -14490. Calculate the greatest common divisor of h and 74.
7